{"id":9251,"date":"2024-05-03T20:43:13","date_gmt":"2024-05-04T00:43:13","guid":{"rendered":"https:\/\/nna-ccj.ca\/?page_id=9251"},"modified":"2024-05-03T20:43:13","modified_gmt":"2024-05-04T00:43:13","slug":"journaliste-de-lannee-2023","status":"publish","type":"page","link":"https:\/\/nna-ccj.ca\/fr\/journaliste-de-lannee-2023\/","title":{"rendered":"Journaliste de l\u2019ann\u00e9e 2023"},"content":{"rendered":"<p><strong><img fetchpriority=\"high\" decoding=\"async\" class=\"size-medium wp-image-9232 alignleft\" src=\"https:\/\/nna-ccj.ca\/wp-content\/uploads\/2024\/04\/Saunders-240x300.jpg\" alt=\"\" width=\"240\" height=\"300\" srcset=\"https:\/\/nna-ccj.ca\/wp-content\/uploads\/2024\/04\/Saunders-240x300.jpg 240w, https:\/\/nna-ccj.ca\/wp-content\/uploads\/2024\/04\/Saunders-819x1024.jpg 819w, https:\/\/nna-ccj.ca\/wp-content\/uploads\/2024\/04\/Saunders-768x960.jpg 768w, https:\/\/nna-ccj.ca\/wp-content\/uploads\/2024\/04\/Saunders-1229x1536.jpg 1229w, https:\/\/nna-ccj.ca\/wp-content\/uploads\/2024\/04\/Saunders-1638x2048.jpg 1638w, https:\/\/nna-ccj.ca\/wp-content\/uploads\/2024\/04\/Saunders-60x75.jpg 60w, https:\/\/nna-ccj.ca\/wp-content\/uploads\/2024\/04\/Saunders-480x600.jpg 480w, https:\/\/nna-ccj.ca\/wp-content\/uploads\/2024\/04\/Saunders-scaled.jpg 2048w\" sizes=\"(max-width:767px) 240px, 240px\" \/>Journaliste de l\u2019ann\u00e9e 2023 : Doug Saunders<\/strong><\/p>\n<p>Dans Undercurrents, Doug Saunders, du Globe and Mail, a fait voyager les lecteurs aux c\u00f4t\u00e9s de certaines des personnes victimes de la crise migratoire mondiale.<\/p>\n<p>S&rsquo;appuyant sur des photos, des cartes et des vid\u00e9os &#8211; fournies en partie par les migrants eux-m\u00eames \u2013 Doug Saunders a suivi des demandeurs d&rsquo;asile, des travailleurs migrants et des r\u00e9fugi\u00e9s climatiques sur trois continents, alors qu&rsquo;ils affrontaient les dangers physiques de la migration et l\u2019instabilit\u00e9 des politiques d&rsquo;immigration.<\/p>\n<p>Pour sa s\u00e9rie d\u2019articles profond\u00e9ment personnels et complexes, Doug Saunders a remport\u00e9 le prix du Reportage \u00e0 caract\u00e8re international du Concours canadien de journalisme de 2023 et a \u00e9t\u00e9 nomm\u00e9 Journaliste de l&rsquo;ann\u00e9e 2023.<\/p>\n<p>\u00abDoug Saunders a plac\u00e9 la barre tr\u00e8s haut concernant le reportage international avec des textes vivants, captivants et susceptibles d&rsquo;apporter des changements, ont d\u00e9clar\u00e9 les juges. Cette s\u00e9rie nous incite \u00e0 repenser ce que nous croyons au sujet des migrants et de ce qu&rsquo;ils sont, de ce qui les pousse \u00e0 aller de l&rsquo;avant et de ce qui les retient.\u00bb<\/p>\n<p>Le journaliste de l&rsquo;ann\u00e9e est s\u00e9lectionn\u00e9 parmi les laur\u00e9ats de chaque cat\u00e9gorie, seuls les individus ou les \u00e9quipes de deux personnes \u00e9tant \u00e9ligibles. Cette ann\u00e9e, le jury a examin\u00e9 les travaux des journalistes laur\u00e9ats dans 17 cat\u00e9gories, avant de s\u00e9lectionner Doug Saunders. Le jury \u00e9tait compos\u00e9 de Greg Horn, Am\u00e9li Pineda et Paul Wells.<\/p>\n<p>C\u2019est la dixi\u00e8me fois qu\u2019un Journaliste de l\u2019ann\u00e9e est d\u00e9sign\u00e9 au Concours canadien de journalisme.<\/p>\n<p>&nbsp;<\/p>\n","protected":false},"excerpt":{"rendered":"<p>Journaliste de l\u2019ann\u00e9e 2023 : Doug Saunders Dans Undercurrents, Doug Saunders, du Globe and Mail, a fait voyager les lecteurs aux c\u00f4t\u00e9s de certaines des personnes<span class=\"excerpt-hellip\"> [\u2026]<\/span><\/p>\n","protected":false},"author":8,"featured_media":0,"parent":0,"menu_order":0,"comment_status":"closed","ping_status":"closed","template":"","meta":{"footnotes":""},"class_list":["post-9251","page","type-page","status-publish","hentry"],"yoast_head":"<!-- This site is optimized with the Yoast SEO plugin v27.5 - https:\/\/yoast.com\/product\/yoast-seo-wordpress\/ -->\n<title>Journaliste de l\u2019ann\u00e9e 2023 - National Newspaper Awards<\/title>\n<meta name=\"robots\" content=\"index, follow, max-snippet:-1, max-image-preview:large, max-video-preview:-1\" \/>\n<link rel=\"canonical\" href=\"https:\/\/nna-ccj.ca\/fr\/journaliste-de-lannee-2023\/\" \/>\n<meta property=\"og:locale\" content=\"fr_FR\" \/>\n<meta property=\"og:type\" content=\"article\" \/>\n<meta property=\"og:title\" content=\"Journaliste de l\u2019ann\u00e9e 2023 - National Newspaper Awards\" \/>\n<meta property=\"og:description\" content=\"Journaliste de l\u2019ann\u00e9e 2023 : Doug Saunders Dans Undercurrents, Doug Saunders, du Globe and Mail, a fait voyager les lecteurs aux c\u00f4t\u00e9s de certaines des personnes [\u2026]\" \/>\n<meta property=\"og:url\" content=\"https:\/\/nna-ccj.ca\/fr\/journaliste-de-lannee-2023\/\" \/>\n<meta property=\"og:site_name\" content=\"National Newspaper Awards\" \/>\n<meta property=\"og:image\" content=\"https:\/\/nna-ccj.ca\/wp-content\/uploads\/2024\/04\/Saunders-240x300.jpg\" \/>\n<meta name=\"twitter:card\" content=\"summary_large_image\" \/>\n<meta name=\"twitter:label1\" content=\"Dur\u00e9e de lecture estim\u00e9e\" \/>\n\t<meta name=\"twitter:data1\" content=\"2 minutes\" \/>\n<script type=\"application\/ld+json\" class=\"yoast-schema-graph\">{\"@context\":\"https:\\\/\\\/schema.org\",\"@graph\":[{\"@type\":\"WebPage\",\"@id\":\"https:\\\/\\\/nna-ccj.ca\\\/fr\\\/journaliste-de-lannee-2023\\\/\",\"url\":\"https:\\\/\\\/nna-ccj.ca\\\/fr\\\/journaliste-de-lannee-2023\\\/\",\"name\":\"Journaliste de l\u2019ann\u00e9e 2023 - National Newspaper Awards\",\"isPartOf\":{\"@id\":\"https:\\\/\\\/nna-ccj.ca\\\/#website\"},\"primaryImageOfPage\":{\"@id\":\"https:\\\/\\\/nna-ccj.ca\\\/fr\\\/journaliste-de-lannee-2023\\\/#primaryimage\"},\"image\":{\"@id\":\"https:\\\/\\\/nna-ccj.ca\\\/fr\\\/journaliste-de-lannee-2023\\\/#primaryimage\"},\"thumbnailUrl\":\"https:\\\/\\\/nna-ccj.ca\\\/wp-content\\\/uploads\\\/2024\\\/04\\\/Saunders-240x300.jpg\",\"datePublished\":\"2024-05-04T00:43:13+00:00\",\"breadcrumb\":{\"@id\":\"https:\\\/\\\/nna-ccj.ca\\\/fr\\\/journaliste-de-lannee-2023\\\/#breadcrumb\"},\"inLanguage\":\"fr-FR\",\"potentialAction\":[{\"@type\":\"ReadAction\",\"target\":[\"https:\\\/\\\/nna-ccj.ca\\\/fr\\\/journaliste-de-lannee-2023\\\/\"]}]},{\"@type\":\"ImageObject\",\"inLanguage\":\"fr-FR\",\"@id\":\"https:\\\/\\\/nna-ccj.ca\\\/fr\\\/journaliste-de-lannee-2023\\\/#primaryimage\",\"url\":\"https:\\\/\\\/nna-ccj.ca\\\/wp-content\\\/uploads\\\/2024\\\/04\\\/Saunders-240x300.jpg\",\"contentUrl\":\"https:\\\/\\\/nna-ccj.ca\\\/wp-content\\\/uploads\\\/2024\\\/04\\\/Saunders-240x300.jpg\"},{\"@type\":\"BreadcrumbList\",\"@id\":\"https:\\\/\\\/nna-ccj.ca\\\/fr\\\/journaliste-de-lannee-2023\\\/#breadcrumb\",\"itemListElement\":[{\"@type\":\"ListItem\",\"position\":1,\"name\":\"Home\",\"item\":\"https:\\\/\\\/nna-ccj.ca\\\/fr\\\/\"},{\"@type\":\"ListItem\",\"position\":2,\"name\":\"Journaliste de l\u2019ann\u00e9e 2023\"}]},{\"@type\":\"WebSite\",\"@id\":\"https:\\\/\\\/nna-ccj.ca\\\/#website\",\"url\":\"https:\\\/\\\/nna-ccj.ca\\\/\",\"name\":\"National Newspaper Awards\",\"description\":\"Honouring the best in Canadian Journalism since 1949\",\"potentialAction\":[{\"@type\":\"SearchAction\",\"target\":{\"@type\":\"EntryPoint\",\"urlTemplate\":\"https:\\\/\\\/nna-ccj.ca\\\/?s={search_term_string}\"},\"query-input\":{\"@type\":\"PropertyValueSpecification\",\"valueRequired\":true,\"valueName\":\"search_term_string\"}}],\"inLanguage\":\"fr-FR\"}]}<\/script>\n<!-- \/ Yoast SEO plugin. -->","yoast_head_json":{"title":"Journaliste de l\u2019ann\u00e9e 2023 - National Newspaper Awards","robots":{"index":"index","follow":"follow","max-snippet":"max-snippet:-1","max-image-preview":"max-image-preview:large","max-video-preview":"max-video-preview:-1"},"canonical":"https:\/\/nna-ccj.ca\/fr\/journaliste-de-lannee-2023\/","og_locale":"fr_FR","og_type":"article","og_title":"Journaliste de l\u2019ann\u00e9e 2023 - National Newspaper Awards","og_description":"Journaliste de l\u2019ann\u00e9e 2023 : Doug Saunders Dans Undercurrents, Doug Saunders, du Globe and Mail, a fait voyager les lecteurs aux c\u00f4t\u00e9s de certaines des personnes [\u2026]","og_url":"https:\/\/nna-ccj.ca\/fr\/journaliste-de-lannee-2023\/","og_site_name":"National Newspaper Awards","og_image":[{"url":"https:\/\/nna-ccj.ca\/wp-content\/uploads\/2024\/04\/Saunders-240x300.jpg","type":"","width":"","height":""}],"twitter_card":"summary_large_image","twitter_misc":{"Dur\u00e9e de lecture estim\u00e9e":"2 minutes"},"schema":{"@context":"https:\/\/schema.org","@graph":[{"@type":"WebPage","@id":"https:\/\/nna-ccj.ca\/fr\/journaliste-de-lannee-2023\/","url":"https:\/\/nna-ccj.ca\/fr\/journaliste-de-lannee-2023\/","name":"Journaliste de l\u2019ann\u00e9e 2023 - National Newspaper Awards","isPartOf":{"@id":"https:\/\/nna-ccj.ca\/#website"},"primaryImageOfPage":{"@id":"https:\/\/nna-ccj.ca\/fr\/journaliste-de-lannee-2023\/#primaryimage"},"image":{"@id":"https:\/\/nna-ccj.ca\/fr\/journaliste-de-lannee-2023\/#primaryimage"},"thumbnailUrl":"https:\/\/nna-ccj.ca\/wp-content\/uploads\/2024\/04\/Saunders-240x300.jpg","datePublished":"2024-05-04T00:43:13+00:00","breadcrumb":{"@id":"https:\/\/nna-ccj.ca\/fr\/journaliste-de-lannee-2023\/#breadcrumb"},"inLanguage":"fr-FR","potentialAction":[{"@type":"ReadAction","target":["https:\/\/nna-ccj.ca\/fr\/journaliste-de-lannee-2023\/"]}]},{"@type":"ImageObject","inLanguage":"fr-FR","@id":"https:\/\/nna-ccj.ca\/fr\/journaliste-de-lannee-2023\/#primaryimage","url":"https:\/\/nna-ccj.ca\/wp-content\/uploads\/2024\/04\/Saunders-240x300.jpg","contentUrl":"https:\/\/nna-ccj.ca\/wp-content\/uploads\/2024\/04\/Saunders-240x300.jpg"},{"@type":"BreadcrumbList","@id":"https:\/\/nna-ccj.ca\/fr\/journaliste-de-lannee-2023\/#breadcrumb","itemListElement":[{"@type":"ListItem","position":1,"name":"Home","item":"https:\/\/nna-ccj.ca\/fr\/"},{"@type":"ListItem","position":2,"name":"Journaliste de l\u2019ann\u00e9e 2023"}]},{"@type":"WebSite","@id":"https:\/\/nna-ccj.ca\/#website","url":"https:\/\/nna-ccj.ca\/","name":"National Newspaper Awards","description":"Honouring the best in Canadian Journalism since 1949","potentialAction":[{"@type":"SearchAction","target":{"@type":"EntryPoint","urlTemplate":"https:\/\/nna-ccj.ca\/?s={search_term_string}"},"query-input":{"@type":"PropertyValueSpecification","valueRequired":true,"valueName":"search_term_string"}}],"inLanguage":"fr-FR"}]}},"jetpack_sharing_enabled":true,"_links":{"self":[{"href":"https:\/\/nna-ccj.ca\/fr\/wp-json\/wp\/v2\/pages\/9251","targetHints":{"allow":["GET"]}}],"collection":[{"href":"https:\/\/nna-ccj.ca\/fr\/wp-json\/wp\/v2\/pages"}],"about":[{"href":"https:\/\/nna-ccj.ca\/fr\/wp-json\/wp\/v2\/types\/page"}],"author":[{"embeddable":true,"href":"https:\/\/nna-ccj.ca\/fr\/wp-json\/wp\/v2\/users\/8"}],"replies":[{"embeddable":true,"href":"https:\/\/nna-ccj.ca\/fr\/wp-json\/wp\/v2\/comments?post=9251"}],"version-history":[{"count":1,"href":"https:\/\/nna-ccj.ca\/fr\/wp-json\/wp\/v2\/pages\/9251\/revisions"}],"predecessor-version":[{"id":9252,"href":"https:\/\/nna-ccj.ca\/fr\/wp-json\/wp\/v2\/pages\/9251\/revisions\/9252"}],"wp:attachment":[{"href":"https:\/\/nna-ccj.ca\/fr\/wp-json\/wp\/v2\/media?parent=9251"}],"curies":[{"name":"wp","href":"https:\/\/api.w.org\/{rel}","templated":true}]}}

Journaliste de l’année 2023

<p><strong><img fetchpriority="high" decoding="async" class="size-medium wp-image-9232 alignleft" src="https://nna-ccj.ca/wp-content/uploads/2024/04/Saunders-240x300.jpg" alt="" width="240" height="300" srcset="https://nna-ccj.ca/wp-content/uploads/2024/04/Saunders-240x300.jpg 240w, https://nna-ccj.ca/wp-content/uploads/2024/04/Saunders-819x1024.jpg 819w, https://nna-ccj.ca/wp-content/uploads/2024/04/Saunders-768x960.jpg 768w, https://nna-ccj.ca/wp-content/uploads/2024/04/Saunders-1229x1536.jpg 1229w, https://nna-ccj.ca/wp-content/uploads/2024/04/Saunders-1638x2048.jpg 1638w, https://nna-ccj.ca/wp-content/uploads/2024/04/Saunders-60x75.jpg 60w, https://nna-ccj.ca/wp-content/uploads/2024/04/Saunders-480x600.jpg 480w, https://nna-ccj.ca/wp-content/uploads/2024/04/Saunders-scaled.jpg 2048w" sizes="(max-width:767px) 240px, 240px" />Journaliste de l’année 2023 : Doug Saunders</strong></p>
<p>Dans Undercurrents, Doug Saunders, du Globe and Mail, a fait voyager les lecteurs aux côtés de certaines des personnes victimes de la crise migratoire mondiale.</p>
<p>S&rsquo;appuyant sur des photos, des cartes et des vidéos &#8211; fournies en partie par les migrants eux-mêmes – Doug Saunders a suivi des demandeurs d&rsquo;asile, des travailleurs migrants et des réfugiés climatiques sur trois continents, alors qu&rsquo;ils affrontaient les dangers physiques de la migration et l’instabilité des politiques d&rsquo;immigration.</p>
<p>Pour sa série d’articles profondément personnels et complexes, Doug Saunders a remporté le prix du Reportage à caractère international du Concours canadien de journalisme de 2023 et a été nommé Journaliste de l&rsquo;année 2023.</p>
<p>«Doug Saunders a placé la barre très haut concernant le reportage international avec des textes vivants, captivants et susceptibles d&rsquo;apporter des changements, ont déclaré les juges. Cette série nous incite à repenser ce que nous croyons au sujet des migrants et de ce qu&rsquo;ils sont, de ce qui les pousse à aller de l&rsquo;avant et de ce qui les retient.»</p>
<p>Le journaliste de l&rsquo;année est sélectionné parmi les lauréats de chaque catégorie, seuls les individus ou les équipes de deux personnes étant éligibles. Cette année, le jury a examiné les travaux des journalistes lauréats dans 17 catégories, avant de sélectionner Doug Saunders. Le jury était composé de Greg Horn, Améli Pineda et Paul Wells.</p>
<p>C’est la dixième fois qu’un Journaliste de l’année est désigné au Concours canadien de journalisme.</p>
<p>&nbsp;</p>

<p>Journaliste de l’année 2023 : Doug Saunders Dans Undercurrents, Doug Saunders, du Globe and Mail, a fait voyager les lecteurs aux côtés de certaines des personnes<span class="excerpt-hellip"> […]</span></p>

<!-- This site is optimized with the Yoast SEO plugin v27.5 - https://yoast.com/product/yoast-seo-wordpress/ -->
<title>Journaliste de l’année 2023 - National Newspaper Awards</title>
<meta name="robots" content="index, follow, max-snippet:-1, max-image-preview:large, max-video-preview:-1" />
<link rel="canonical" href="https://nna-ccj.ca/fr/journaliste-de-lannee-2023/" />
<meta property="og:locale" content="fr_FR" />
<meta property="og:type" content="article" />
<meta property="og:title" content="Journaliste de l’année 2023 - National Newspaper Awards" />
<meta property="og:description" content="Journaliste de l’année 2023 : Doug Saunders Dans Undercurrents, Doug Saunders, du Globe and Mail, a fait voyager les lecteurs aux côtés de certaines des personnes […]" />
<meta property="og:url" content="https://nna-ccj.ca/fr/journaliste-de-lannee-2023/" />
<meta property="og:site_name" content="National Newspaper Awards" />
<meta property="og:image" content="https://nna-ccj.ca/wp-content/uploads/2024/04/Saunders-240x300.jpg" />
<meta name="twitter:card" content="summary_large_image" />
<meta name="twitter:label1" content="Durée de lecture estimée" />
	<meta name="twitter:data1" content="2 minutes" />
<script type="application/ld+json" class="yoast-schema-graph">{"@context":"https:\/\/schema.org","@graph":[{"@type":"WebPage","@id":"https:\/\/nna-ccj.ca\/fr\/journaliste-de-lannee-2023\/","url":"https:\/\/nna-ccj.ca\/fr\/journaliste-de-lannee-2023\/","name":"Journaliste de l’année 2023 - National Newspaper Awards","isPartOf":{"@id":"https:\/\/nna-ccj.ca\/#website"},"primaryImageOfPage":{"@id":"https:\/\/nna-ccj.ca\/fr\/journaliste-de-lannee-2023\/#primaryimage"},"image":{"@id":"https:\/\/nna-ccj.ca\/fr\/journaliste-de-lannee-2023\/#primaryimage"},"thumbnailUrl":"https:\/\/nna-ccj.ca\/wp-content\/uploads\/2024\/04\/Saunders-240x300.jpg","datePublished":"2024-05-04T00:43:13+00:00","breadcrumb":{"@id":"https:\/\/nna-ccj.ca\/fr\/journaliste-de-lannee-2023\/#breadcrumb"},"inLanguage":"fr-FR","potentialAction":[{"@type":"ReadAction","target":["https:\/\/nna-ccj.ca\/fr\/journaliste-de-lannee-2023\/"]}]},{"@type":"ImageObject","inLanguage":"fr-FR","@id":"https:\/\/nna-ccj.ca\/fr\/journaliste-de-lannee-2023\/#primaryimage","url":"https:\/\/nna-ccj.ca\/wp-content\/uploads\/2024\/04\/Saunders-240x300.jpg","contentUrl":"https:\/\/nna-ccj.ca\/wp-content\/uploads\/2024\/04\/Saunders-240x300.jpg"},{"@type":"BreadcrumbList","@id":"https:\/\/nna-ccj.ca\/fr\/journaliste-de-lannee-2023\/#breadcrumb","itemListElement":[{"@type":"ListItem","position":1,"name":"Home","item":"https:\/\/nna-ccj.ca\/fr\/"},{"@type":"ListItem","position":2,"name":"Journaliste de l’année 2023"}]},{"@type":"WebSite","@id":"https:\/\/nna-ccj.ca\/#website","url":"https:\/\/nna-ccj.ca\/","name":"National Newspaper Awards","description":"Honouring the best in Canadian Journalism since 1949","potentialAction":[{"@type":"SearchAction","target":{"@type":"EntryPoint","urlTemplate":"https:\/\/nna-ccj.ca\/?s={search_term_string}"},"query-input":{"@type":"PropertyValueSpecification","valueRequired":true,"valueName":"search_term_string"}}],"inLanguage":"fr-FR"}]}</script>
<!-- / Yoast SEO plugin. -->

Journaliste de l’année 2023 - National Newspaper Awards

Journaliste de l’année 2023 : Doug Saunders Dans Undercurrents, Doug Saunders, du Globe and Mail, a fait voyager les lecteurs aux côtés de certaines des personnes […]
